he prime factors of 117624290.
2, 5, 7, 29, 57943
List the prime factors of 840715679.
840715679
What are the prime factors of 3871623774?
2, 3, 645270629
List the prime factors of 2154094141.
23, 797, 117511
What are the prime factors of 162357754?
2, 13, 1609, 3881
List the prime factors of 687081021.
3, 11, 19, 29, 1303
What are the prime factors of 565501820?
2, 5, 13, 2175007
What are the prime factors of 1081350701?
1081350701
List the prime factors of 4350502579.
41, 106109819
What are the prime factors of 2271157767?
3, 9613, 26251
List the prime factors of 457759825.
5, 18310393
List the prime factors of 113485140.
2, 3, 5, 630473
List the prime factors of 68518734.
2, 3, 107, 106727
What are the prime factors of 9008176722?
2, 3, 33647, 44621
List the prime factors of 372118268.
2, 19, 67, 73079
What are the prime factors of 1630952617?
7, 113, 2061887
What are the prime factors of 9571886?
2, 43, 111301
What are the prime factors of 84265235?
5, 397, 42451
List the prime factors of 108264924.
2, 3, 389, 859
List the prime factors of 881581417.
449, 1963433
List the prime factors of 29147330.
2, 5, 19, 153407
List the prime factors of 197714743.
17, 127, 91577
What are the prime factors of 144150125?
5, 7, 164743
List the prime factors of 2698925548.
2, 11, 739, 83003
List the prime factors of 69630285.
3, 5, 157, 29567
List the prime factors of 1569303212.
2, 67, 1259, 4651
List the prime factors of 1255360743.
3, 7, 13, 218971
List the prime factors of 122205731.
397, 307823
What are the prime factors of 182892343?
23, 31, 199, 1289
List the prime factors of 61019476.
2, 7, 1117, 1951
What are the prime factors of 1977922488?
2, 3, 82413437
What are the prime factors of 34792553?
19, 1831187
List the prime factors of 2409293185.
5, 13, 31, 1195679
What are the prime factors of 270815269?
47, 5762027
List the prime factors of 376306223.
11863, 31721
List the prime factors of 1986102851.
19, 104531729
What are the prime factors of 1125365145?
3, 5, 75024343
List the prime factors of 1509436536.
2, 3, 2719, 23131
List the prime factors of 572034758.
2, 286017379
List the prime factors of 1179940621.
641, 1840781
List the prime factors of 174834374.
2, 11, 13, 509, 1201
List the prime factors of 33783945.
3, 5, 13, 13327
List the prime factors of 128588616.
2, 3, 13, 37, 47, 79
List the prime factors of 128371209.
3, 42790403
What are the prime factors of 732092394?
2, 3, 11, 151, 73459
What are the prime factors of 26886062?
2, 7, 1920433
What are the prime factors of 1359231696?
2, 3, 9439109
List the prime factors of 948957457.
7, 251, 540101
What are the prime factors of 2652542345?
5, 18439, 28771
What are the prime factors of 2127573703?
311, 1601, 4273
List the prime factors of 48305467.
7, 19, 363199
What are the prime factors of 20201454?
2, 3, 7, 13, 4111
List the prime factors of 976405381.
7, 1103, 126461
What are the prime factors of 333983919?
3, 19, 5859367
List the prime factors of 750779841.
3, 7, 35751421
What are the prime factors of 1258320838?
2, 629160419
List the prime factors of 486909525.
3, 5, 163, 39829
What are the prime factors of 7575175?
5, 303007
What are the prime factors of 117053957?
89, 1315213
List the prime factors of 166034807.
4523, 36709
What are the prime factors of 6659367572?
2, 11, 13, 151, 77101
What are the prime factors of 1320044542?
2, 31, 1163, 18307
What are the prime factors of 53008726?
2, 433, 61211
List the prime factors of 89756053.
139, 645727
List the prime factors of 2417189349.
3, 59, 127, 293, 367
List the prime factors of 62902256.
2, 523, 7517
List the prime factors of 101641062.
2, 3, 17, 97, 10273
What are the prime factors of 50881707?
3, 5653523
List the prime factors of 70559737.
47, 61, 24611
List the prime factors of 7166486492.
2, 11, 47, 977, 3547
What are the prime factors of 295323864?
2, 3, 11, 17, 23, 2861
What are the prime factors of 2221494577?
2221494577
List the prime factors of 689490232.
2, 991, 86969
What are the prime factors of 116807666?
2, 67, 503, 1733
List the prime factors of 144572221.
29, 4985249
List the prime factors of 2993319770.
2, 5, 7, 42761711
What are the prime factors of 338925981?
3, 1217, 92831
List the prime factors of 1303779891.
3, 349, 997, 1249
List the prime factors of 398890679.
11, 23, 29, 54367
List the prime factors of 2094720676.
2, 23, 173, 131611
What are the prime factors of 151018562?
2, 71, 463, 2297
List the prime factors of 714513202.
2, 13, 19, 1446383
List the prime factors of 17380296.
2, 3, 241393
List the prime factors of 1959567705.
3, 5, 43545949
List the prime factors of 1914737458.
2, 83, 1613, 7151
What are the prime factors of 680683073?
7, 97240439
List the prime factors of 601532142.
2, 3, 181, 553897
List the prime factors of 9368640.
2, 3, 5, 3253
What are the prime factors of 184066649?
13, 467, 30319
List the prime factors of 79242983.
79242983
What are the prime factors of 720341856?
2, 3, 13, 59, 1087
List the prime factors of 54906111.
3, 13, 469283
What are the prime factors of 36535082?
2, 18267541
What are the prime factors of 6142648029?
3, 7, 17, 613, 28069
What are the prime factors of 297878647?
11, 2461807
List the prime factors of 131823510.
2, 3, 5, 7, 13, 109, 443
List the prime factors of 50010295.
5, 10002059
What are the prime factors of 63585593?
17, 23, 162623
What are the prime factors of 1078102393?
719, 1499447
What are the prime factors of 1008394646?
2, 7, 72028189
List the prime factors of 365870515.
5, 17, 4304359
List the prime factors of 247354099.
349, 708751
What are the prime factors of 6665283?
3, 571, 1297
What are the prime factors of 383860059?
3, 11, 19, 612217
What are the prime factors of 13230080?
2, 5, 17, 19
List the prime factors of 229270763.
229270763
What are the prime factors of 57541302?
2, 3, 7, 13, 35129
List the prime factors of 2004594289.
29, 127, 719, 757
List the prime factors of 718592732.
2, 11, 13, 41, 2357
List the prime factors of 852399588.
2, 3, 71, 769, 1301
What are the prime factors of 248297137?
11, 683, 33049
List the prime factors of 659788519.
13, 50752963
List the prime factors of 4440092894.
2, 103, 4583, 4703
List the prime factors of 92820557.
92820557
What are the prime factors of 118206047?
118206047
List the prime factors of 740539931.
740539931
List the prime factors of 120500163.
3, 7, 91081
What are the prime factors of 983751352?
2, 67, 103, 173
List the prime factors of 106599845.
5, 11, 1938179
List the prime factors of 342049920.
2, 3, 5, 178151
List the prime factors of 119173939.
5651, 21089
What are the prime factors of 25243573?
25243573
List the prime factors of 68710981.
167, 411443
List the prime factors of 6431866.
2, 7, 67, 6857
What are the prime factors of 661255655?
5, 467, 283193
List the prime factors of 51732685.
5, 193, 53609
What are the prime factors of 144755239?
3851, 37589
What are the prime factors of 1305979380?
2, 3, 5, 37, 157, 1249
List the prime factors of 66328659.
3, 2456617
What are the prime factors of 36298238?
2, 18149119
What are the prime factors of 448508315?
5, 281, 319223
What are the prime factors of 191532939?
3, 13, 19, 59, 337
List the prime factors of 49965225.
3, 5, 666203
List the prime factors of 3017728827.
3, 19, 17647537
What are the prime factors of 261534565?
5, 661, 79133
What are the prime factors of 1226833888?
2, 7, 5476937
What are the prime factors of 2224468897?
7, 23, 37, 257, 1453
List the prime factors of 954032264.
2, 101, 1180733
List the prime factors of 466541878.
2, 11, 31, 62189
List the prime factors of 73806982.
2, 19, 797, 2437
List the prime factors of 4015641573.
3, 173, 1019, 2531
What are the prime factors of 15734120?
2, 5, 59, 113
List the prime factors of 1257319703.
337, 3730919
What are the prime factors of 2232216470?
2, 5, 11, 23, 80209
List the prime factors of 150082257.
3, 13, 3848263
List the prime factors of 284425433.
284425433
What are the prime factors of 2406016835?
5, 19, 25326493
List the prime factors of 113403281.
3989, 28429
List the prime factors of 68027919.
3, 31, 731483
What are the prime factors of 769565015?
5, 67, 103, 22303
List the prime factors of 1600976437.
28513, 56149
What are the prime factors of 1426783